{"id":105,"date":"2023-06-08T14:56:37","date_gmt":"2023-06-08T12:56:37","guid":{"rendered":"http:\/\/www.laskartheatre.net\/?page_id=105"},"modified":"2025-02-27T00:07:29","modified_gmt":"2025-02-26T23:07:29","slug":"spectacle-don-quichotte","status":"publish","type":"page","link":"https:\/\/www.laskartheatre.net\/index.php\/spectacles\/spectacle-don-quichotte\/","title":{"rendered":"Spectacle Don Quichotte"},"content":{"rendered":"\r\n<div class=\"wp-block-group is-layout-constrained wp-block-group-is-layout-constrained\">\r\n<div class=\"wp-block-group is-layout-constrained wp-block-group-is-layout-constrained\">\r\n<div class=\"wp-block-group has-base-font-size is-layout-constrained wp-block-group-is-layout-constrained\">\r\n<p class=\"has-text-align-center\"><span style=\"vertical-align: inherit;\"><span style=\"vertical-align: inherit;\"><span style=\"vertical-align: inherit;\"><span style=\"vertical-align: inherit;\">Epop\u00e9e Burlesque &#8211; dur\u00e9e 60mn &#8211; Tout public \u00e0 partir de 6 ans<\/span><\/span><\/span><\/span><\/p>\r\n<p><span style=\"color: #0000ff;\"><strong><span style=\"vertical-align: inherit;\"><span style=\"vertical-align: inherit;\">(Fin d&rsquo;exploitation le 30\/06\/24 &#8211; En raison de 14 belles ann\u00e9es d&rsquo;existence)<\/span><\/span><\/strong><\/span><\/p>\r\n\r\n\r\n\r\n<div class=\"wp-block-columns is-layout-flex wp-container-core-columns-is-layout-28f84493 wp-block-columns-is-layout-flex\">\r\n<div class=\"wp-block-column is-layout-flow wp-block-column-is-layout-flow\" style=\"flex-basis: 100%;\">\r\n<p class=\"has-text-align-center\"><span style=\"vertical-align: inherit;\"><span style=\"vertical-align: inherit;\"><span style=\"vertical-align: inherit;\"><span style=\"vertical-align: inherit;\">Le Laskar Th\u00e9\u00e2tre reprend \u00e0 son compte l&rsquo;\u0153uvre de Cervant\u00e8s sous forme burlesque, en proposant une \u00e9pop\u00e9e comique et d\u00e9sordonn\u00e9e entre un ma\u00eetre et son valet&#8230;<\/span><\/span><\/span><\/span><\/p>\r\n<\/div>\r\n<\/div>\r\n\r\n\r\n\r\n<div class=\"wp-block-columns is-layout-flex wp-container-core-columns-is-layout-28f84493 wp-block-columns-is-layout-flex\">\r\n<div class=\"wp-block-column is-layout-flow wp-block-column-is-layout-flow\" style=\"flex-basis: 100%;\">\r\n<p class=\"has-text-align-center\"><strong><span style=\"vertical-align: inherit;\"><span style=\"vertical-align: inherit;\"><span style=\"vertical-align: inherit;\"><span style=\"vertical-align: inherit;\">L&rsquo;Histoire :<\/span><\/span><\/span><\/span><\/strong><\/p>\r\n<\/div>\r\n<\/div>\r\n\r\n\r\n\r\n<div class=\"wp-block-group is-layout-constrained wp-block-group-is-layout-constrained\">\r\n<div class=\"wp-block-group is-layout-constrained wp-block-group-is-layout-constrained\">\r\n<p class=\"has-text-align-center\"><span style=\"vertical-align: inherit;\"><span style=\"vertical-align: inherit;\"><span style=\"vertical-align: inherit;\"><span style=\"vertical-align: inherit;\">\u00ab\u00a0Dans un village de la Manche, dont je ne saurais me rappeler le nom, v\u00e9cu nagu\u00e8re un gentilhomme&#8230;\u00a0\u00bb.<\/span><\/span><\/span><\/span><\/p>\r\n\r\n\r\n\r\n<p class=\"has-text-align-center\"><span style=\"vertical-align: inherit;\"><span style=\"vertical-align: inherit;\"><span style=\"vertical-align: inherit;\"><span style=\"vertical-align: inherit;\">Ainsi commence l&rsquo;histoire d&rsquo;Alonso Quixada, un personnage perturb\u00e9 par la lecture des romans de chevalerie.<\/span><\/span><\/span><\/span><\/p>\r\n<\/div>\r\n\r\n\r\n\r\n<p class=\"has-text-align-center\"><span style=\"vertical-align: inherit;\"><span style=\"vertical-align: inherit;\"><span style=\"vertical-align: inherit;\"><span style=\"vertical-align: inherit;\">Il d\u00e9cide lui-m\u00eame de se faire chevalier et sous le nom de Don Quichotte, parcourir et conqu\u00e9rir le monde apr\u00e8s avoir livr\u00e9 bataille \u00e0 des moulins \u00e0 vent, qu&rsquo;il prend pour des g\u00e9ants.<\/span><\/span><\/span><\/span><\/p>\r\n<\/div>\r\n\r\n\r\n\r\n<p class=\"has-text-align-center\"><span style=\"vertical-align: inherit;\"><span style=\"vertical-align: inherit;\"><span style=\"vertical-align: inherit;\"><span style=\"vertical-align: inherit;\">Son aventure ne serrait rien, sans la complicit\u00e9 de son compagnon de route Sancho Pansa, paysan du Toboso, qu&rsquo;il a entrepris d&rsquo;\u00e9lever \u00e0 la dignit\u00e9 d&rsquo;\u00e9cuyer et de gouverneur.<\/span><\/span><\/span><\/span><\/p>\r\n\r\n\r\n\r\n<p class=\"has-text-align-center\"><span style=\"vertical-align: inherit;\"><span style=\"vertical-align: inherit;\"><span style=\"vertical-align: inherit;\"><span style=\"vertical-align: inherit;\">Vous rencontrerez sur la sc\u00e8ne le chevalier Don Quichotte au fabuleux destin, son fid\u00e8le \u00e9cuyer Sancho Panza, la tr\u00e8s belle Dulcin\u00e9e, quelques g\u00e9ants et le chevalier \u00e0 la blanche Lune qui vous entra\u00eeneront dans leurs merveilleuses aventures.<\/span><\/span><\/span><\/span><\/p>\r\n\r\n\r\n\r\n<p class=\"has-text-align-center\"><strong><span style=\"vertical-align: inherit;\"><span style=\"vertical-align: inherit;\"><span style=\"vertical-align: inherit;\"><span style=\"vertical-align: inherit;\">Jeu :<\/span><\/span><\/span><\/span><\/strong><span style=\"vertical-align: inherit;\"><span style=\"vertical-align: inherit;\"><span style=\"vertical-align: inherit;\"><span style=\"vertical-align: inherit;\"> Claudia Urrutia (Don Quichotte) &amp; Laurent Cramesnil (Sancho Panza) <\/span><\/span><\/span><\/span><br \/><br \/><strong><span style=\"vertical-align: inherit;\"><span style=\"vertical-align: inherit;\"><span style=\"vertical-align: inherit;\"><span style=\"vertical-align: inherit;\">Mise en sc\u00e8ne :<\/span><\/span><\/span><\/span><\/strong><span style=\"vertical-align: inherit;\"><span style=\"vertical-align: inherit;\"><span style=\"vertical-align: inherit;\"><span style=\"vertical-align: inherit;\"> Cyril Griot <\/span><\/span><\/span><\/span><br \/><br \/><strong><span style=\"vertical-align: inherit;\"><span style=\"vertical-align: inherit;\"><span style=\"vertical-align: inherit;\"><span style=\"vertical-align: inherit;\">Conseils artistiques :<\/span><\/span><\/span><\/span><\/strong><span style=\"vertical-align: inherit;\"><span style=\"vertical-align: inherit;\"><span style=\"vertical-align: inherit;\"><span style=\"vertical-align: inherit;\"> Jean Lenturlu <\/span><\/span><\/span><\/span><br \/><br \/><strong><span style=\"vertical-align: inherit;\"><span style=\"vertical-align: inherit;\"><span style=\"vertical-align: inherit;\"><span style=\"vertical-align: inherit;\">Adaptation texte :<\/span><\/span><\/span><\/span><\/strong><span style=\"vertical-align: inherit;\"><span style=\"vertical-align: inherit;\"><span style=\"vertical-align: inherit;\"><span style=\"vertical-align: inherit;\"> Jean Lenturlu et Cyril Griot <\/span><\/span><\/span><\/span><br \/><br \/><strong><span style=\"vertical-align: inherit;\"><span style=\"vertical-align: inherit;\"><span style=\"vertical-align: inherit;\"><span style=\"vertical-align: inherit;\">Sc\u00e9nographie :<\/span><\/span><\/span><\/span><\/strong><span style=\"vertical-align: inherit;\"><span style=\"vertical-align: inherit;\"><span style=\"vertical-align: inherit;\"><span style=\"vertical-align: inherit;\"> Marjolaine Werkcmann<\/span><\/span><\/span><\/span><\/p>\r\n\r\n\r\n\r\n<p class=\"has-text-align-center\"><strong><span style=\"vertical-align: inherit;\"><span style=\"vertical-align: inherit;\"><span style=\"vertical-align: inherit;\"><span style=\"vertical-align: inherit;\">Costumes et accessoires :<\/span><\/span><\/span><\/span><\/strong><span style=\"vertical-align: inherit;\"><span style=\"vertical-align: inherit;\"><span style=\"vertical-align: inherit;\"><span style=\"vertical-align: inherit;\"> M\u00e9lanie Grenet<\/span><\/span><\/span><\/span><\/p>\r\n<\/div>\r\n<\/div>\r\n<\/div>\r\n\r\n\r\n\r\n<figure class=\"wp-block-embed is-type-video is-provider-vimeo wp-block-embed-vimeo wp-embed-aspect-16-9 wp-has-aspect-ratio is-content-justification-center is-layout-flex wp-container-core-buttons-is-layout-a89b3969 wp-block-buttons-is-layout-flex\">\r\n<div class=\"wp-block-embed__wrapper\">\u00a0<\/div>\r\n<\/figure>\r\n\r\n\r\n\r\n<figure class=\"wp-block-gallery has-nested-images columns-default is-cropped wp-block-gallery-1 is-layout-flex wp-block-gallery-is-layout-flex\">\r\n<figure class=\"wp-block-image size-large\"><img loading=\"lazy\" decoding=\"async\" width=\"1575\" height=\"2359\" data-id=\"127\" class=\"wp-image-127\" src=\"https:\/\/www.laskartheatre.net\/wp-content\/uploads\/2023\/06\/les-moulins.jpg\" alt=\"\" \/><\/figure>\r\n\r\n\r\n\r\n<figure class=\"wp-block-image size-large\"><img loading=\"lazy\" decoding=\"async\" width=\"1024\" height=\"683\" data-id=\"129\" class=\"wp-image-129\" src=\"https:\/\/www.laskartheatre.net\/wp-content\/uploads\/2023\/06\/Descente-des-escaliers-1024x683.jpg\" alt=\"\" srcset=\"https:\/\/www.laskartheatre.net\/wp-content\/uploads\/2023\/06\/Descente-des-escaliers-1024x683.jpg 1024w, https:\/\/www.laskartheatre.net\/wp-content\/uploads\/2023\/06\/Descente-des-escaliers-300x200.jpg 300w, https:\/\/www.laskartheatre.net\/wp-content\/uploads\/2023\/06\/Descente-des-escaliers-768x512.jpg 768w, https:\/\/www.laskartheatre.net\/wp-content\/uploads\/2023\/06\/Descente-des-escaliers-1536x1024.jpg 1536w, https:\/\/www.laskartheatre.net\/wp-content\/uploads\/2023\/06\/Descente-des-escaliers-1170x780.jpg 1170w, https:\/\/www.laskartheatre.net\/wp-content\/uploads\/2023\/06\/Descente-des-escaliers.jpg 1575w\" sizes=\"auto, (max-width: 1024px) 100vw, 1024px\" \/><\/figure>\r\n\r\n\r\n\r\n<figure class=\"wp-block-image size-large\"><img loading=\"lazy\" decoding=\"async\" width=\"684\" height=\"1024\" data-id=\"128\" class=\"wp-image-128\" src=\"https:\/\/www.laskartheatre.net\/wp-content\/uploads\/2023\/06\/blanche-lune.-jpg-684x1024.jpg\" alt=\"\" srcset=\"https:\/\/www.laskartheatre.net\/wp-content\/uploads\/2023\/06\/blanche-lune.-jpg-684x1024.jpg 684w, https:\/\/www.laskartheatre.net\/wp-content\/uploads\/2023\/06\/blanche-lune.-jpg-200x300.jpg 200w, https:\/\/www.laskartheatre.net\/wp-content\/uploads\/2023\/06\/blanche-lune.-jpg-768x1150.jpg 768w, https:\/\/www.laskartheatre.net\/wp-content\/uploads\/2023\/06\/blanche-lune.-jpg-1025x1536.jpg 1025w, https:\/\/www.laskartheatre.net\/wp-content\/uploads\/2023\/06\/blanche-lune.-jpg-1170x1753.jpg 1170w, https:\/\/www.laskartheatre.net\/wp-content\/uploads\/2023\/06\/blanche-lune.-jpg.jpg 1181w\" sizes=\"auto, (max-width: 684px) 100vw, 684px\" \/><\/figure>\r\n\r\n\r\n\r\n<figure class=\"wp-block-image size-large\"><img loading=\"lazy\" decoding=\"async\" width=\"1024\" height=\"776\" data-id=\"131\" class=\"wp-image-131\" src=\"https:\/\/www.laskartheatre.net\/wp-content\/uploads\/2023\/06\/Article-presse-Don-quichotte-1024x776.jpg\" alt=\"\" srcset=\"https:\/\/www.laskartheatre.net\/wp-content\/uploads\/2023\/06\/Article-presse-Don-quichotte-1024x776.jpg 1024w, https:\/\/www.laskartheatre.net\/wp-content\/uploads\/2023\/06\/Article-presse-Don-quichotte-300x227.jpg 300w, https:\/\/www.laskartheatre.net\/wp-content\/uploads\/2023\/06\/Article-presse-Don-quichotte-768x582.jpg 768w, https:\/\/www.laskartheatre.net\/wp-content\/uploads\/2023\/06\/Article-presse-Don-quichotte-1536x1165.jpg 1536w, https:\/\/www.laskartheatre.net\/wp-content\/uploads\/2023\/06\/Article-presse-Don-quichotte-2048x1553.jpg 2048w, https:\/\/www.laskartheatre.net\/wp-content\/uploads\/2023\/06\/Article-presse-Don-quichotte-1170x887.jpg 1170w\" sizes=\"auto, (max-width: 1024px) 100vw, 1024px\" \/><\/figure>\r\n\r\n\r\n\r\n<figure class=\"wp-block-image size-large\"><img loading=\"lazy\" decoding=\"async\" width=\"1024\" height=\"683\" data-id=\"130\" class=\"wp-image-130\" src=\"https:\/\/www.laskartheatre.net\/wp-content\/uploads\/2023\/06\/Arrivee-Toboso-1-1024x683.jpg\" alt=\"\" srcset=\"https:\/\/www.laskartheatre.net\/wp-content\/uploads\/2023\/06\/Arrivee-Toboso-1-1024x683.jpg 1024w, https:\/\/www.laskartheatre.net\/wp-content\/uploads\/2023\/06\/Arrivee-Toboso-1-300x200.jpg 300w, https:\/\/www.laskartheatre.net\/wp-content\/uploads\/2023\/06\/Arrivee-Toboso-1-768x512.jpg 768w, https:\/\/www.laskartheatre.net\/wp-content\/uploads\/2023\/06\/Arrivee-Toboso-1-1536x1025.jpg 1536w, https:\/\/www.laskartheatre.net\/wp-content\/uploads\/2023\/06\/Arrivee-Toboso-1-1170x781.jpg 1170w, https:\/\/www.laskartheatre.net\/wp-content\/uploads\/2023\/06\/Arrivee-Toboso-1.jpg 1575w\" sizes=\"auto, (max-width: 1024px) 100vw, 1024px\" \/><\/figure>\r\n<\/figure>\r\n","protected":false},"excerpt":{"rendered":"<p>Epop\u00e9e Burlesque &#8211; dur\u00e9e 60mn &#8211; Tout public \u00e0 partir de 6 ans (Fin d&rsquo;exploitation le 30\/06\/24 &#8211; En raison de 14 belles ann\u00e9es d&rsquo;existence) Le Laskar Th\u00e9\u00e2tre reprend \u00e0 [&hellip;]<\/p>\n","protected":false},"author":1,"featured_media":102,"parent":101,"menu_order":0,"comment_status":"closed","ping_status":"closed","template":"","meta":{"_EventAllDay":false,"_EventTimezone":"","_EventStartDate":"","_EventEndDate":"","_EventStartDateUTC":"","_EventEndDateUTC":"","_EventShowMap":false,"_EventShowMapLink":false,"_EventURL":"","_EventCost":"","_EventCostDescription":"","_EventCurrencySymbol":"","_EventCurrencyCode":"","_EventCurrencyPosition":"","_EventDateTimeSeparator":"","_EventTimeRangeSeparator":"","_EventOrganizerID":[],"_EventVenueID":[],"_OrganizerEmail":"","_OrganizerPhone":"","_OrganizerWebsite":"","_VenueAddress":"","_VenueCity":"","_VenueCountry":"","_VenueProvince":"","_VenueState":"","_VenueZip":"","_VenuePhone":"","_VenueURL":"","_VenueStateProvince":"","_VenueLat":"","_VenueLng":"","_VenueShowMap":false,"_VenueShowMapLink":false,"footnotes":""},"class_list":["post-105","page","type-page","status-publish","has-post-thumbnail","hentry"],"_links":{"self":[{"href":"https:\/\/www.laskartheatre.net\/index.php\/wp-json\/wp\/v2\/pages\/105","targetHints":{"allow":["GET"]}}],"collection":[{"href":"https:\/\/www.laskartheatre.net\/index.php\/wp-json\/wp\/v2\/pages"}],"about":[{"href":"https:\/\/www.laskartheatre.net\/index.php\/wp-json\/wp\/v2\/types\/page"}],"author":[{"embeddable":true,"href":"https:\/\/www.laskartheatre.net\/index.php\/wp-json\/wp\/v2\/users\/1"}],"replies":[{"embeddable":true,"href":"https:\/\/www.laskartheatre.net\/index.php\/wp-json\/wp\/v2\/comments?post=105"}],"version-history":[{"count":12,"href":"https:\/\/www.laskartheatre.net\/index.php\/wp-json\/wp\/v2\/pages\/105\/revisions"}],"predecessor-version":[{"id":554,"href":"https:\/\/www.laskartheatre.net\/index.php\/wp-json\/wp\/v2\/pages\/105\/revisions\/554"}],"up":[{"embeddable":true,"href":"https:\/\/www.laskartheatre.net\/index.php\/wp-json\/wp\/v2\/pages\/101"}],"wp:featuredmedia":[{"embeddable":true,"href":"https:\/\/www.laskartheatre.net\/index.php\/wp-json\/wp\/v2\/media\/102"}],"wp:attachment":[{"href":"https:\/\/www.laskartheatre.net\/index.php\/wp-json\/wp\/v2\/media?parent=105"}],"curies":[{"name":"wp","href":"https:\/\/api.w.org\/{rel}","templated":true}]}}